0) + -3.
-1
-4 - (-11 + (-10 - -22))
-5
5 + 2 + 4 + -6
5
Calculate 158 - 155 - (1 + 1 + -4).
5
(12 - (5 - -6)) + 2
3
Evaluate (-1 - 0) + -4 - (-11 - -10).
-4
-6 + (0 - (-4 - -1)) + 0
-3
What is (1 - 3) + 4 + 120 + -115?
7
Calculate 3 - (4 + -3 + 0) - 7.
-5
Calculate (5 - 2) + -1 - 1 - 5.
-4
What is 0 - (6 - 7 - (2 + -1))?
2
Evaluate 8 - (2 + 3 + -2).
5
Calculate -9 + 0 + 22 - 20.
-7
What is the value of 1 - (2 + -5 - 1) - 3?
2
Calculate 5 - 19 - -11 - -4.
1
Evaluate 1 - (4 - 3) - -4.
4
What is the value of (2 + -5 - 2) + (-52 - -58)?
1
Evaluate (-4 - 6) + (-13 - -23).
0
Calculate -3 + 1 - (-11 + 3 + 5).
1
What is the value of -8 + 4 + 6 - 7?
-5
Calculate 1 - -1 - (6 - -2 - 6).
0
Calculate -4 - (-1 + -5) - 5.
-3
2 + 2 + -1 + -4 - 1
-2
4 - (-2 + 4 - 1) - 4
-1
What is the value of 36 + -34 + (-1 - -1)?
2
What is the value of (4 - (0 + 6)) + 3 + 0?
1
What is the value of -7 + (10 - (0 + 4))?
-1
-2 + -6 + 5 - 1
-4
Calculate -1 - (5 - 5) - 3.
-4
11 + 10 + -21 + -5
-5
Evaluate -1 + (4 - (6 + 0)).
-3
Evaluate -2 + 2 + -7 + 4 + 2.
-1
Calculate (1 - (1 + -2)) + (-16 - -14).
0
Calculate -4 + (10 + -4 - 2) + 4.
4
1 - 4 - -1 - -7 - 3
2
What is the value of (-3 - -9) + (-10 - 0)?
-4
What is -3 + (-9 + 6 - -7 - 7)?
-6
What is 5 + (7 - 6) - 10?
-4
What is the value of 6 + -15 + 0 + 8?
-1
What is the value of 11 - (4 + -7 + 10)?
4
Calculate 9 + (5 - 22 - -11).
3
What is (3 + 0 - (-10 + 18)) + 4?
-1
8 - 2 - (-2 + 3)
5
What is (-5 - -4) + 0 + 0?
-1
What is the value of -2 + -1 + -3 + 3 + 2?
-1
What is the value of (25 - 19) + (0 - (-1 - 2))?
9
What is -10 + (5 + -7 - -5)?
-7
What is the value of (1 - -3) + (-3 - -6) + -7?
0
(2 + (2 - 1) - 6) + -1
-4
Calculate -3 + (-4 + 10 - 5).
-2
Evaluate 6 + -1 - (5 + -6).
6
Calculate -8 + 8 - -8 - 9.
-1
Evaluate (1 - -3 - -2 - 7) + 7.
6
Calculate 5 + 0 + 0 + -7 + -2.
-4
What is (1 + 4 - 8) + 13?
10
Evaluate -4 - (-6 - -4) - -7.
5
Calculate 14 + (-11 - -7) - 2.
8
Evaluate -7 + 11 + -4 + -1.
-1
Evaluate (-8 + 5 - (-4 + -4)) + -5.
0
Evaluate -2 + (2 - 4) + 6.
2
What is -8 - (-5 - (-2 - -1 - 0))?
-4
-4 - (-2 + 0 + 2)
-4
Calculate -3 + -4 + 5 + 5.
3
Evaluate (0 + 5 - 4) + 5 + -6.
0
Calculate 3 - (3 - (-1 + 3)) - 0.
2
What is the value of 0 + -6 - -5 - 2?
-3
Calculate 0 + 11 + -2 + -4.
5
Evaluate 7 + 3 + (-3 - 3).
4
Evaluate (14 - 5) + -9 + -3.
-3
Calculate (1 - 3) + 15 + (1 - 10).
4
What is the value of -25 + 27 + 1 + -9?
-6
What is the value of -4 + 4 + (0 - 4)?
-4
What is 3 + -11 + (-14 - -12)?
-10
Calculate 2 + -5 - (5 - 1 - 9).
2
(-17 - (5 - 15)) + 10
3
What is -2 - -1 - (-4 + 2) - 0?
1
Evaluate 11 + 6 + -20 - (1 + -6).
2
What is the value of -6 - (-2 + 0 + 16 + -13)?
-7
Calculate (46 + -50 - (0 - 0)) + -3.
-7
What is the value of (3 - -1) + 1 + (1 - 2)?
4
5 - ((-7 - -5 - 3) + 10)
0
(10 - 14) + 2 + -6
-8
Calculate -8 - (9 + (-10 - -1)).
-8
What is the value of -7 - ((-5 - -14) + -13)?
-3
Evaluate -8 - -11 - (4 + 0 + -2).
1
2 + (5 - (10 - 6)) + -1
2
What is the value of -1 + 3 + -6 - (3 + -3)?
-4
What is the value of -4 - (-11 - -14 - (4 - -1))?
-2
What is 8 - 2 - (6 - -2)?
-2
What is the value of -9 - (-8 + (-1 - -1))?
-1
Evaluate 0 + (5 - (5 + -3)) + 3.
6
What is the value of -7 + (-7 - -28) + -9?
5
What is the value of (1 - 1) + (-3 - -3 - 2)?
-2
Calculate -7 + 5 + -3 + (-4 - -3).
-6
What is the value of (-1 - -6 - (-5 - -4)) + -2?
4
Evaluate -2 + (-5 + 2 - -4) + -2.
-3
Calculate -8 - (-22 - -4 - -4).
6
Evaluate 8 + (-1 + -13 - -3).
-3
Evaluate -8 + 4 + 1 + 8 - 0.
5
Calculate -1 + -6 + 9 + 6.
8
What is -41 + 52 - (1 - -4)?
6
What is the value of 0 + -4 + (4 - (4 - 1))?
-3
7 + (-2 - -1) - 2
4
Evaluate 135 + -132 - (-2 - (1 - 0)).
6
-3 + -4 + 3 + -2 + 4
-2
Evaluate -1 + 4 + (-1 - 3).
-1
What is (-2 - -1) + 1 + -1 + 2?
1
Calculate (4 - -2) + -11 + -3.
-8
-2 + -1 - (-11 - -13)
-5
What is 37 + -36 + -3 + -2?
-4
5 + (-5 - (3 - 6))
3
What is 10 - 7 - (-3 + 5 + 1)?
0
What is 2 - (-7 + 1 - (-4 + 0))?
4
What is the value of -4 + (-3 - -6) + -3?
-4
What is -1 - -2 - (25 + -26)?
2
What is (6 - (4 + -3)) + 1?
6
What is the value of (7 - 2) + -4 + -1 + 0?
0
What is the value of -9 + 4 + 5 + -5 + 0?
-5
What is -5 - -2 - (-5 + -3 + 6)?
-1
Calculate (-1 + 8 - 8) + (-2 - -5).
2
Evaluate -8 - (-2 + 8 + -9).
-5
What is -13 - -1 - -7 - (1 + -1)?
-5
Evaluate -13 + 14 + -1 + (-3 - -2).
-1
(0 - (-6 - -5)) + 1
2
7 - (16 + -11) - (-6 + -1)
9
-3 + (-6 - (4 + (-5 - 6)))
-2
What is -4 - (-11 + 4 + -7 + 7)?
3
What is the value of 1 + -3 + 7 + -2?
3
(-4 - 2) + 0 - (1 + -3)
-4
What is 1 - (7 + -3 + -4 + -4)?
5
-1 - (2 + -3) - (23 + -20)
-3
Calculate -6 - (4 - 2 - (1 + 2)).
-5
(0 + 2 - 3 - 5) + 2
-4
(-8 - (1 - 7)) + 1
-1
What is 3 + -2 - (8 - 7) - 0?
0
What is the value of 3 + -1 - (0 + 6 + -1)?
-3
Calculate 7 - (1 - (2 + -9)).
-1
Calculate 1 + 6 - 6 - (-1 - 3).
5
Evaluate -16 + (-1 - -8) + 3.
-6
(10 - -1) + (21 - 30)
2
What is the value of -1 - ((-5 - -13) + -8)?
-1
What is the value of -5 - (2 + -4) - 4 - -7?
0
What is the value of -7 - (1 + 2 + -71 + 70)?
-9
What is -6 + 8 + (0 - 2)?
0
Calculate (-1 - (-6 - -10)) + 3.
-2
Calculate (5 - 3) + -7 - -6.
1
What is the value of 25 + (-32 - -4) - (0 - 3)?
0
Evaluate 3 - (-1 - (2 + -6)).
0
What is 5 + 0 - (-23 - -33)?
-5
7 + 21 + -15 + -6
7
(0 - 1 - 6) + 11
4
What is the value of 2 - (1 - (5 + 2) - -6)?
2
Evaluate 1 + -1 + 0 + 1.
1
What is 2 + 1 + (-7 - -3 - -7)?
6
What is the value of 13 + (4 - 27) + 4?
-6
9 + -15 + 11 - 8
-3
Evaluate -8 - (6 + -6 - 4).
-4
1 - 1 - (2 + 2) - -1
-3
What is (-8 - -22 - 2) + -6?
6
-13 + 13 - (0 - 0 - -1)
-1
Calculate (-11 - -7 - -9) + (-17 - -2).
-10
Evaluate (-3 - 5 - -6) + 3 + 1.
2
Evaluate 1 + (0 - 1) - -3.
3
Calculate 0 - ((-4 - -4) + -1).
1
Evaluate -8 - 0 - (3 - 9).
-2
Calculate -10 + 12 + -5 - -6.
3
Calculate 8 + -1 + 2 + -7 + -3.
-1
Evaluate 2 - (5 - (-1 + 1) - 9).
6
Evaluate -2 - ((-15 - -2) + 10).
1
Evaluate (-3 - -4 - (8 + -2)) + 8.
3
Evaluate 1 + 1 + (4 + -2 - 3).
1
Evaluate -1 + (-8 - -10 - -7).
8
Calculate 1 - 1 - (3 + -18 + 15).
0
What is the value of 2 + 7 + (-5 - 2)?
2
What is the value of -1 + (1 + -3 - 2)?
-5
What is the value of -4 + (0 - 1) + -2 + 8?
1
(5 - 12) + (7 - -5)
5
Evaluate (-27 - -30) + -1 + 1 - 7.
-4
2 + (2 - 13) + 9
0
What is the value of (-9 - -2) + 18 + -4 + -12?
-5
(1 - -1) + (-1 - 4) + 8
5
What is the value of -2 - -9 - (0 - -3)?
4
Calculate 0 + 1 - (86 + -85).
0
Calculate -11 - -7 - (-2 + 1) - -2.
-1
What is the value of -2 - (-3 + (-10 - -15))?
-4
What is the value of -38 + 30 - (-2 - 2)?
-4
8 + 1 - (68 - 61)
2
8 + (-1 - 3) + 2 - 3
3
(3 - 5) + -3 + 0
-5
(-1 - 2) + 6 - 0
3
What is the value of 4 + 5 + 5 + -9?
5
-1 + 6 - (-3 - (-4 + -2))
2
What is the value of -3 + 1 + 6 + -1?
3
What is the value of 0 + 0 - -2 - (2 + -2)?
2
Calculate -1 + -7 + (-1 - -6) + -6.
-9
What is the value of -2 + -1 + (-5 - -8)?
0
What is -4 + (11 - 4 - 0)?
3
What is the value of 5 - 2 - 1 - (-22 + 20)?
4
-4 - ((3 - -1) + (-2 - 3))
-3
What is -8 + (-2 - (11 - 17))?
-4
What is the value of -7 - (-6 + -3 + -3)?
5
Evaluate 3 + 4 + -2 + -14.
-9
Evaluate -22 + 15 - ((-3 - 2) + 1).
-3
What is (-9 + 15 - (-1 + 0)) + 3?
10
Evaluate 4 - (1 + -6 + 4).
5
(-13 - (2 + -15)) + 1 + 4
5
Calculate 10 + (7 - 11 - (0 + 0)).
6
What is (6 - (1 + 2 + 0)) + -3?
0
Evaluate 11 + (11 - 9 - 13).
0
What is the value of (3 - 4 - 2) + 3 + -2?
-2
Evaluate 1 - (5 + (0 + 0 - 5)).
1
What is the value of 3 + -4 + 3 + -1?
1
(-5 - 3) + 3 + 2
-3
Evaluate -13 + 6 + 2 + 2.
-3
What is the value of 7 - ((0 - 1) + (3 - -4))?
1
What is the value of 0 - (-1 + (0 - 1) + -2)?
4
Evaluate 0 + -3 + -6 + 8.
-1
What is the value of 5 - 1 - (7 + -11 + 5)?
3
Calculate -2 - (-5 + (-1 - -3)).
1
Calculate 3 + (-3 - (0 + 2 - 1)).
-1
What is 1 + 12 + (-6 - 0)?
7
Evaluate 3 + -1 + -1 + 4 + -2.
3
What is the value of -3 + 0 - (4 - 7)?
0
Evaluate (1 - -1) + (0 - 5 - 2).
-5
What is the value of -3 - (10 + (11 - 28))?
4
Calculate -4 + (1 + -4 - -8) + -10.
-9
Evaluate -21 - (-19 + 9) - -9.
-2
What is -7 - (4 - 9) - (-10 + 3)?
5
Calculate 13 + -13 + 2 + 4.
6
What is 4 + (-11 - -12) + (-1 - -2)?
6
Calculate 6 + -12 - (-14 - -2).
6
What is the value of -3 + 1 - (0 + -1)?
-1
Calculate 4 - (-3 - (3 + -6)).
4
What is the value of 1 + -1 + 2 - 2?
0
Calculate -11 + 4 + 14 + -9.
-2
2 + (5 - (8 - 1))
0
What is (9 - (-2 + 11)) + -1 + 1?
0
